= -g - 0*g - 69. Let s = g + 110. Calculate the greatest common divisor of s and 54.
18
Let m(w) = -w**3 - 14*w**2 + 5. Let s be m(-14). Suppose -3*j + 3*v = -66, -3*v = -j + s*j - 102. What is the highest common factor of j and 192?
24
Let r = 131 + -187. Let p = r - -107. Calculate the highest common divisor of 17 and p.
17
Let o be ((8/24)/(-1))/((-3)/171). What is the greatest common factor of 1 and o?
1
Let l be 3 + 104/((-8)/(-2)). Let w = l - 27. Suppose g + 18 = 4*g. Calculate the greatest common factor of g and w.
2
Let i be (-1)/(-4) - 45/(-12). Suppose 3*u - 3 = 4*j - 8*j, 0 = -2*j - 5*u + 19. Let c = i - j. What is the greatest common factor of c and 56?
7
Let v(f) = 26*f - 36. Let y be v(4). Calculate the greatest common factor of y and 221.
17
Suppose 24*d = -2496 + 6216. Calculate the highest common divisor of d and 10.
5
Suppose -1320 = 13*p - 24*p. Calculate the highest common factor of 96 and p.
24
Let s = -1 + -51. Let i be (-2348)/s + 6/(-39). Suppose 3*u - 8 = 46. What is the highest common factor of i and u?
9
Let i = 197 - 67. Calculate the highest common factor of 20 and i.
10
Let s(n) = -2*n**2 - 6*n - n**2 - 17 + 5*n**2 - n**2. Let g be s(-6). What is the highest common divisor of g and 22?
11
Suppose 479 + 286 = 5*t. What is the greatest common divisor of 9 and t?
9
Let d be 102*6*2/9. Suppose 4*r + 110 = 6*h - 3*h, 0 = 2*h + 2*r - 64. Calculate the greatest common divisor of d and h.
34
Let d be 66/18*(20 - 17). Let p = -31 - -64. Calculate the highest common factor of d and p.
11
Let v(s) = -3*s - 34. Let a be v(-13). Suppose -242 + 47 = -a*j. Let z = -6 + 32. Calculate the greatest common divisor of z and j.
13
Let o(s) = 7*s**2 - 10*s - 92. Let j be o(9). What is the greatest common factor of 14 and j?
7
Suppose -88 = -o - 2*q, -o + 11*q + 92 = 14*q. Suppose -85 = -5*i - 5*x, -4*i = x + 2 - 79. Calculate the greatest common divisor of i and o.
20
Suppose 26*o - a = 31*o - 101, 4*o - 3*a = 96. What is the greatest common divisor of o and 987?
21
Let o be ((-24)/96)/(2/(-184)). Let f = o + -2. What is the greatest common divisor of 21 and f?
21
Let g(w) = -27*w - 6. Let r be g(-2). Let q = 24 + 36. Suppose 2*a - q = -3*a. Calculate the greatest common factor of r and a.
12
Suppose 0 = 4*p - 3*f - 276, 69 = -10*p + 11*p - 3*f. What is the greatest common divisor of p and 368?
23
Let z be 6/6 - (-17 + 0). What is the greatest common divisor of 45 and z?
9
Suppose 65 = 3*a - x - 37, 2*x = -4*a + 146. What is the greatest common factor of 385 and a?
35
Let w = 25 + -22. Suppose 179 = 5*s + w*u - 2*u, -4*s - 4*u + 140 = 0. Suppose -4*g = -6*g + 18. What is the greatest common factor of g and s?
9
Suppose 1072 = 21*w - 62. Let u be 1 + 2 + -1 + 16. Calculate the greatest common divisor of w and u.
18
Suppose 3*s = s + 10, 0 = 2*h - s + 27. Let d be (4 - (h - -4))/(2/10). Calculate the highest common divisor of 11 and d.
11
Let u be (5 - (-4904)/28) + (-3)/21. Suppose 11*s - u = -26. Let j = 31 - 10. Calculate the highest common divisor of j and s.
7
Let j be (0 - 1)*(1 + -67). Suppose -4*a + 93 = 4*o - 19, 2*a + 10 = 0. Let u = o + -27. Calculate the greatest common factor of j and u.
6
Let o be -2*1*434/(-14). Calculate the greatest common factor of o and 558.
62
Suppose -5*l - 10 = 0, 4*a + 5*l - 7*l = 112. What is the greatest common divisor of a and 3?
3
Let t(c) = 4*c + 3. Let l be t(4). Let b(a) = 3 - 6 + 1 - 3*a - 3. Let i be b(-8). What is the highest common factor of i and l?
19
Let r(k) = 119*k**2 + 20*k + 14. Let y(a) = -40*a**2 - 7*a - 5. Let l(q) = 6*r(q) + 17*y(q). Let g be l(1). What is the greatest common divisor of g and 51?
17
Let y = 117 - 115. Let o be (6/4)/(39/130). What is the greatest common factor of o and y?
1
Suppose 3*x + 12 = 7*x. Suppose -x*c + 37 = -29. Let d = 23 - c. Calculate the greatest common divisor of d and 8.
1
Let z(l) = l - 1. Let g(c) = 2*c - 11. Let o(i) = 2*g(i) - 6*z(i). Let a be o(-14). What is the greatest common divisor of 60 and a?
12
Let s = 70 + -45. Suppose -4*u - s = u. Let h be -3 + 5 - (u - -3). Calculate the greatest common divisor of h and 28.
4
Let x(o) = -o + 1. Let v(p) = -26*p - 1. Let s(f) = v(f) + 2*x(f). Let q be s(-1). Suppose 2*b - 226 - 296 = 0. What is the greatest common divisor of b and q?
29
Suppose -4*p = -2*h + 62, -3*p + 16 = h - 2*p. Let y be (-4)/(-14) + 267/h. Let x be 4 - -113 - 0/4. What is the greatest common divisor of y and x?
13
Let x = 11 + 17. Suppose 0 = n - 8 - x. Calculate the greatest common divisor of n and 12.
12
Suppose 24*r - 7641 + 2937 = 0. Calculate the greatest common factor of r and 4.
4
Let i = -8 - 17. Let q = i + 43. Let n be (-8)/3*q/(-12). Calculate the highest common factor of n and 44.
4
Suppose -11*x - 1 = -89. Calculate the greatest common divisor of 68 and x.
4
Let o = 16 - 32. Let l = -16 - o. Suppose 0 = a - l*a - 5. What is the highest common divisor of 2 and a?
1
Suppose 2*p - 12 = 3*a + a, a = 2*p - 12. Let s(j) = 9 - 2 + 13*j + 0*j. Let t be s(p). Calculate the greatest common divisor of t and 34.
17
Suppose 3*n + k = 3*k + 24, -n - 5 = -5*k. Calculate the greatest common divisor of 330 and n.
10
Suppose -9*h = -33 - 372. What is the highest common factor of h and 18?
9
Let j = -3 - -13. Let l(r) = -r**3 - 5*r**2 + 8*r + 14. Let i be l(2). Calculate the greatest common factor of i and j.
2
Suppose 0 = 4*w - 2*y - 34, -9*y = -5*w - 10*y + 60. What is the highest common factor of 374 and w?
11
Let j = 63 - 126. Let k be j/(-6)*(-110)/(-15). What is the highest common factor of 7 and k?
7
Let s be 32/(-24)*(-7)/(28/5184). Calculate the highest common factor of s and 54.
54
Suppose 26*c - 6750 = c. What is the greatest common divisor of 20 and c?
10
Let h be (-1)/(3*2/(-12)). Suppose 0 = 4*t - u - 37, -h*t - 2*u + 8 - 2 = 0. What is the greatest common factor of 32 and t?
8
Let o(a) = 5*a - 27. Let p be o(7). What is the highest common divisor of p and 110?
2
Let o(d) = 3*d**2 + 26*d - 17. Let r be o(5). Calculate the greatest common divisor of 1 and r.
1
Suppose 5*m + 34 - 114 = 0. Let y(x) = x**2 - x - 2. Let h be y(0). Let q = 46 - h. What is the greatest common divisor of q and m?
16
Let d be (-2)/8 + 9/4. Let o be 5 + -4 + 2/d. Suppose 0 = -o*t - 3 + 11. Calculate the highest common factor of 20 and t.
4
Let g(y) = -254*y + 94. Let a be g(-2). What is the highest common factor of 86 and a?
86
Suppose 0*i - 10 = -2*i, -4*i - 44 = -2*b. What is the greatest common factor of b and 48?
16
Let v(a) = -11*a + 34. Let w be v(0). Calculate the highest common divisor of 374 and w.
34
Let u be (-6)/45 - (-1452)/90. Suppose 3*c - 27 = 3*r, 5*c + 3*r = 13 + u. What is the highest common divisor of c and 56?
7
Suppose -1057 = f + 2*l, l = -f - 649 - 412. Let r = -751 - f. Suppose 4*a - 633 = -4*x + a, -r = -2*x - 2*a. Calculate the greatest common divisor of x and 18.
18
Let y be (10/(-45))/((-4)/36). Let r(a) = -2 + 6*a + 1 - a**2 - 1. Let b be r(4). Calculate the highest common factor of y and b.
2
Let y be 2 - (-30)/3 - 4. Suppose y*t + 2 = 10*t. Let i be 27 + 5/(-5) - t. What is the highest common divisor of 100 and i?
25
Let d be (1 - -3) + 65 + 141. What is the greatest common factor of d and 280?
70
Suppose -2*x - 2*x + 8 = 0. Suppose c + 10 = x*c. What is the highest common divisor of c and 20?
10
Let k(z) = -37 - 7*z + 2*z + 26. Let a be k(-5). Calculate the highest common divisor of 21 and a.
7
Let s be (-20)/(-50)*(1 + -6). Let t be (-9)/9*(-10)/s. Let m(l) = l**2 - 2*l - 7. Let n be m(t). Calculate the highest common divisor of 14 and n.
14
Let u be (12/10)/((-2)/15). Let s(a) = -a**3 - 9*a**2 - a - 8. Let g be s(u). Let k = g - -1. Calculate the greatest common divisor of k and 4.
2
Suppose -4*u - 4*f = -2232, 34*u + 2*f = 38*u - 2232. Calculate the highest common divisor of u and 124.
62
Let l(d) = 24*d - 228. Let v be l(10). What is the greatest common factor of 222 and v?
6
Let h(l) = 2*l**2 + 2*l - 28. Let c be h(-7). Let b(x) = -x**3 - 7*x**2 - 7*x + 8. Let w be b(-6). Calculate the highest common factor of w and c.
14
Let g be (8 + 0 - 0)*20. Let r(p) = -230*p + 524. Let h be r(2). What is the highest common factor of h and g?
32
Suppose 2*s = -3*s + 20, -2*p = -4*s + 244. Let c = 186 + p. What i